?
False
Is 14317 prime?
False
Is 7217 a prime number?
False
Is 31693 a composite number?
True
Is 20017 prime?
False
Is 465041 a composite number?
False
Is 14173 composite?
False
Is 85589 composite?
True
Is 139 a prime number?
True
Is 633739 prime?
True
Is 19153 a prime number?
False
Is 8587 composite?
True
Is 212053 composite?
True
Is 65449 prime?
True
Is 1151 composite?
False
Is 26669 composite?
False
Is 28113 composite?
True
Is 1076693 a prime number?
False
Is 103963 prime?
True
Is 273029 prime?
True
Is 23971 a composite number?
False
Is 6121 composite?
False
Is 247145 composite?
True
Is 4547 a prime number?
True
Is 72989 a composite number?
True
Is 4271 a composite number?
False
Is 123301 prime?
False
Is 797 prime?
True
Is 64373 a prime number?
True
Is 7493 a prime number?
False
Is 13126 a prime number?
False
Is 940607 prime?
True
Is 187823 a prime number?
True
Is 117679 a prime number?
True
Is 1103 prime?
True
Is 442565 a prime number?
False
Is 360322 a composite number?
True
Is 1816747 a prime number?
False
Is 37619 a prime number?
True
Is 201793 a prime number?
False
Is 895177 prime?
False
Is 1014557 a prime number?
True
Is 49103 a prime number?
True
Is 12539 composite?
False
Is 6121 a prime number?
True
Is 70103 a prime number?
False
Is 29905 composite?
True
Is 221339 prime?
False
Is 85843 prime?
True
Is 10113 composite?
True
Is 64535 composite?
True
Is 3799 a prime number?
False
Is 7234 a composite number?
True
Is 360947 composite?
False
Is 69841 prime?
False
Is 11345 composite?
True
Is 859921 a prime number?
False
Is 13379 composite?
True
Is 97978 prime?
False
Is 380177 composite?
True
Is 6189 prime?
False
Is 249955 composite?
True
Is 586 a prime number?
False
Is 3821 composite?
False
Is 2947 prime?
False
Is 42737 composite?
False
Is 127 a composite number?
False
Is 96833 a prime number?
False
Is 41669 prime?
True
Is 1492967 composite?
True
Is 63197 composite?
False
Is 73589 composite?
False
Is 131 a composite number?
False
Is 28319 prime?
True
Is 494167 prime?
True
Is 33407 a prime number?
False
Is 16811 prime?
True
Is 13 a composite number?
False
Is 866573 composite?
False
Is 3761 prime?
True
Is 1337845 composite?
True
Is 3787 prime?
False
Is 781 prime?
False
Is 54118 prime?
False
Is 261281 a composite number?
False
Is 3695 composite?
True
Is 1319561 prime?
True
Is 763 a composite number?
True
Is 7003 composite?
True
Is 76441 a prime number?
True
Is 30581 a prime number?
False
Is 83047 a prime number?
True
Is 15835 a prime number?
False
Is 2959417 a composite number?
False
Is 36587 a composite number?
False
Is 9253 composite?
True
Is 589903 composite?
False
Is 66083 prime?
True
Is 1367 prime?
True
Is 5039 composite?
False
Is 118891 composite?
False
Is 556679 prime?
True
Is 3037 composite?
False
Is 154181 composite?
False
Is 406979 prime?
False
Is 108957 composite?
True
Is 199447 a composite number?
False
Is 21829 a prime number?
False
Is 83333 a composite number?
True
Is 6658 a prime number?
False
Is 173137 prime?
True
Is 3151 a composite number?
True
Is 16039 composite?
True
Is 38039 a composite number?
False
Is 597 composite?
True
Is 3719 composite?
False
Is 121403 prime?
True
Is 230269 prime?
False
Is 172327 composite?
True
Is 56731 a composite number?
False
Is 228053 prime?
False
Is 43933 composite?
False
Is 421606 composite?
True
Is 66835 composite?
True
Is 719 a prime number?
True
Is 21427 a prime number?
False
Is 116329 a composite number?
False
Is 352277 a composite number?
True
Is 115441 composite?
True
Is 52267 composite?
False
Is 265193 composite?
False
Is 209431 a prime number?
True
Is 57745 prime?
False
Is 357121 prime?
False
Is 460249 composite?
True
Is 17257 a prime number?
True
Is 8663 a prime number?
True
Is 47413 a prime number?
False
Is 789827 composite?
True
Is 987457 a prime number?
True
Is 4111 a prime number?
True
Is 61169 composite?
False
Is 3499 a composite number?
False
Is 137827 a composite number?
False
Is 721469 composite?
True
Is 1477 a composite number?
True
Is 67441 a prime number?
False
Is 69991 a composite number?
False
Is 17455 a composite number?
True
Is 532319 prime?
False
Is 4368533 composite?
True
Is 675751 composite?
False
Is 618623 a composite number?
True
Is 18539 composite?
False
Is 66337 prime?
True
Is 50189 a prime number?
False
Is 96623 prime?
False
Is 1361 a prime number?
True
Is 28415 a prime number?
False
Is 482227 prime?
True
Is 385607 prime?
True
Is 133153 a prime number?
True
Is 282959 prime?
True
Is 15121 a composite number?
False
Is 623 prime?
False
Is 1007 a prime number?
False
Is 2006999 composite?
True
Is 135159 composite?
True
Is 16787 a composite number?
False
Is 934049 a prime number?
True
Is 63055 a prime number?
False
Is 110009 a prime number?
False
Is 424439 prime?
False
Is 23137 prime?
False
Is 13829 a prime number?
True
Is 4327 a composite number?
False
Is 12323 composite?
False
Is 10765 a composite number?
True
Is 25223 prime?
False
Is 302411 a composite number?
False
Is 8981 prime?
False
Is 13303 composite?
True
Is 351151 prime?
True
Is 16255 a prime number?
False
Is 305043 composite?
True
Is 1705321 a composite number?
True
Is 6163 a prime number?
True
Is 263 prime?
True
Is 688943 composite?
True
Is 5667 composite?
True
Is 12077 a prime number?
False
Is 65363 prime?
False
Is 449 a composite number?
False
Is 41507 composite?
False
Is 7915 composite?
True
Is 5856229 a prime number?
True
Is 1233221 a prime number?
False
Is 405311 prime?
False
Is 145897 a composite number?
False
Is 601729 a prime number?
False
Is 1383 composite?
True
Is 81331 composite?
False
Is 4181 a composite number?
True
Is 2175659 composite?
False
Is 213177 prime?
False
Is 3957 a prime number?
False
Is 573 composite?
True
Is 47899 a composite number?
True
Is 456947 a prime number?
False
Is 1381 prime?
True
Is 14369 a composite number?
False
Is 777317 composite?
False
Is 1007389 composite?
True
Is 91763 composite?
True
Is 12106 a prime number?
False
Is 170211 prime?
False
Is 112687 a prime number?
True
Is 199909 prime?
True
Is 479357 composite?
False
Is 88043 a composite number?
True
Is 10261 prime?
False
Is 16759 a prime number?
True
Is 760803 a composite number?
True
Is 1261037 composite?
True
Is 157627 prime?
True
Is 85691 composite?
False
Is 10951 prime?
False
Is 1051189 prime?
False
Is 196397 composite?
True
Is 246917 a composite number?
True
Is 93947 a prime number?
False
Is 22681 prime?
False
Is 25649 composite?
True
Is 203339 composite?
False
Is 84589 composite?
False
Is 160214 composite?
True
Is 1042237 a prime number?
False
Is 7211 prime?
True
Is 236261 prime?
True
Is 2291 a prime number?
False
Is 181273 a prime number?
True
Is 110337 prime?
False
Is 35419 composite?
False
Is 26459 composite?
False
Is 167797 composite?
True
Is 322501 a composite number?
False
Is 1093927 a prime number?
True
Is 45989 prime?
True
Is 144674 prime?
False
Is 205899 prime?
False
Is 252079 composite?
False
Is 3109 prime?
True
Is 15053 composite?
False
Is 9649 a composite number?
False
Is 457109 a prime number?
False
Is 1201 a prime number?
True
Is 1151 composite?
False
Is 27563 a prime number?
False
Is 664831 a prime number?
False
Is 7559 a prime number?
True
Is 40423 composite?
False
Is 72515 prime?
False
Is 322193 composite?
False
Is 80159 a composite number?
True
Is 24883 a prime number?
False
Is 15118 a composite number?
True
Is 398729 composite?
False
Is 425479 a prime number?
False
Is 41858 a prime number?
False
Is 596341 prime?
True
Is 2245 a prime number?
False
Is 29255 a prime number?
False
Is 1228373 a prime number?
True
Is 219991 prime?
False
Is 242185 a composite number?
True
Is 353237 a composite number?
False
Is 245489 composite?
True
Is 127103 prime?
True
Is 17543 prime?
False
Is 1279 a composite number?
False
Is 514147 prime?
True
Is 11777 a prime number?
True
Is 19011 a composite number?
True
Is 336347 a composite number?
True
Is 24439 prime?
True
Is 58447 a prime number?
False
Is 43853 a composite number?
False
Is 409099 prime?
True
Is 740573 composite?
True
Is 2963 a prime number?
True
Is 1751381 prime?
False
Is 5078 prime?
False
Is 1226479 a composite number?
False
Is 3691 a composite number?
False
Is 29263 a prime number?
False
Is 876157 a composite number?
True
Is 71737 composite?
True
